= -4*y**2 + y - 19. Let k be 154/44 - 2/4. Let h(n) = k*l(n) + 8*u(n). Determine h(0).
16
Let f(c) be the second derivative of c**3/6 - 2*c**2 - c + 15. Determine f(9).
5
Let z(m) = -m + 2. Let i be z(4). Let x(y) be the third derivative of -y**4/24 - y**3/3 + 673*y**2. Give x(i).
0
Let n(r) = -5*r**3 - 2*r**2 + 2*r - 1. Let q = 22 + -42. Let k = q + 10. Let y = 11 + k. What is n(y)?
-6
Let r(i) = 14*i - 2. Suppose 4*c + 8 - 28 = -o, o - 12 = -2*c. Suppose 2*b + 5 - 3 = c*f, 3*b - 7 = f. Calculate r(f).
26
Let j = -112 - -100. Let g(n) = -n - 10. Determine g(j).
2
Let n(a) = -4*a + 5. Let c = 105 - 111. Determine n(c).
29
Suppose 5*n + 7 = -2*x, -2*x = -7*x + 4*n + 32. Suppose j + 2*o - 9 = 0, 3*j - 51 + 20 = -x*o. Let g = 11 - j. Let z(t) = t**3 + t**2 - 2*t - 1. What is z(g)?
-1
Let q(l) = 6 + 2*l - 6 + 4 - 5*l + 6*l. Calculate q(6).
22
Let j(i) = -5*i - 28. Suppose -122*c + 192 = -146*c. Calculate j(c).
12
Let h(d) be the first derivative of 1/6*d**3 - d**2 - 6 - 6*d. Let r(u) be the first derivative of h(u). Give r(3).
1
Let p(v) be the third derivative of v**4/24 + v**3/6 - 23*v**2 + v - 1. Let r be (2 - (-18)/(-8))*-4. Calculate p(r).
2
Suppose 0 = 2*r - 21*z + 25*z, 2*r - 2*z + 24 = 0. Let g(v) = 7*v - 7. Determine g(r).
-63
Let z(t) be the second derivative of t**3/6 + 2*t**2 - 2*t. Suppose 3*i = 2010 - 1989. Calculate z(i).
11
Let b(k) = -7*k**3 + 10*k**2 + k + 6. Let r(c) = -9*c**3 + 11*c**2 + 6. Let o(v) = 5*b(v) - 4*r(v). What is o(-5)?
6
Let f(g) be the third derivative of -g**4/24 + 50*g**2. Calculate f(6).
-6
Let d(u) = -u**2 - 80*u - 238. Let f be d(-3). Let z(s) = -6*s - 23. What is z(f)?
19
Let a = -55 + 48. Let l(f) = 4*f**2 - 3*f**2 + 2 + 4*f - 3 + 3*f. Give l(a).
-1
Let s(v) = -17*v**2 - 16*v - 33. Let b(p) = 7*p**2 + 8*p + 16. Let a(r) = 5*b(r) + 2*s(r). Determine a(-7).
7
Let m(j) = j**2 - 14*j + 26. Let s = -1611 + 1622. Calculate m(s).
-7
Let k(h) = h - 4. Let m be k(3). Let s(l) be the third derivative of 1/60*l**5 + 1/12*l**4 + 4*l**2 + 0 + 1/6*l**3 + 0*l. Give s(m).
0
Let w(o) = -321*o - 307*o - 3*o**2 + 4*o**2 + 645*o. What is w(-17)?
0
Let i = 11 + -11. Let s(u) = 6*u - 2. Let a(q) = -5*q + 1. Let p = 41 - 36. Let x(b) = p*a(b) + 4*s(b). What is x(i)?
-3
Let j(v) = -4*v**2 + 12*v + v**2 + 2*v**2 + 0*v**2 - 15. Give j(10).
5
Let y(t) = 3*t**2 - 6*t + 3. Let f = 139 + -134. Determine y(f).
48
Let p be 122/18 - 6/(-27). Let i = 8 - 5. Let o(k) = -4*k**2 + 7*k - 9. Let b(c) = -5*c**2 + 7*c - 10. Let z(d) = i*b(d) - 4*o(d). Determine z(p).
6
Let v(o) = 6*o**2 + 2*o - 2. Let i(u) = -u**2 + 1. Let d(b) = -3*i(b) - v(b). Give d(-2).
-9
Suppose 0 = 5*l - 59 + 104. Let b(u) = -u**3 - 9*u**2 - 2*u - 16. What is b(l)?
2
Let f = 3892 + -3887. Let j = 10 + -5. Let b(i) = -j - i**3 + 5*i**2 - 2 + 2. Calculate b(f).
-5
Let u(x) = -4*x - 26. Let w(a) = -a**3 - 4*a**2 + 3*a + 5. Let l be w(-4). Determine u(l).
2
Let c(y) = y**2 + 3*y - 2. Let f be 1 - ((-3)/(-4) + (-55)/20). Give c(f).
16
Suppose 0 = 2*j - 10, 3*d + d = -2*j + 6. Let r(b) = -b**3 - 2*b**2 + b + 2. What is r(d)?
0
Let c(u) = 3*u**3 - 6*u**2 + 93 - 4*u**3 - 5*u**2 - 96. Give c(-11).
-3
Let w be 4/(-8) + (-1)/(4/30). Let m(r) = r**2 + 10*r + 12. Calculate m(w).
-4
Let o(n) = -n - 2. Let y be (5/(-10))/((-2)/(-4)). Let s = y + -10. Let u = s + 5. Calculate o(u).
4
Let s(b) = -b**2 - 12*b. Let q be -12*(-6)/12 - 1*18. Calculate s(q).
0
Let n(z) be the first derivative of z**3/3 + 3*z**2/2 + z - 65. Give n(-2).
-1
Let b(y) = 3*y + 4. Let d(q) = -4*q - 4. Let m(l) = 3*b(l) + 2*d(l). Let z(i) = -14*i**2 - 73*i + 59. Let r be z(-6). What is m(r)?
-3
Let q(h) be the second derivative of -h**3/6 - 3*h**2/2 + 99*h. What is q(11)?
-14
Let o(n) = -n**2 + n - 7. Suppose 2*p = -38 + 44. Calculate o(p).
-13
Let c(w) = -w**2 + 8*w - 1. Let h be c(8). Let d(j) = 4*j**3 + 2*j**2 + 6*j - 3. Let v(y) = 4*y**3 + 2*y**2 + 5*y - 2. Let k(o) = 3*d(o) - 4*v(o). What is k(h)?
3
Let f(q) be the third derivative of -q**7/840 + q**6/180 - q**5/40 + q**4/12 + 4*q**3 + 16*q**2. Let o(c) be the first derivative of f(c). What is o(2)?
-4
Let t(d) = -d**3 - 11*d**2 - 11. Let q(m) = 208*m - 10*m**2 - m**3 - 208*m - 9. Let f(z) = 5*q(z) - 4*t(z). What is f(-6)?
-1
Suppose -3*w - 5*h + 27 = 0, -2*h = w - 6*w + 14. Let q(x) be the second derivative of 0 + x + 1/3*x**3 - 2*x**2 + 1/3*x**w - 1/20*x**5. What is q(3)?
11
Let w(i) = i**3 - 23 + 4*i**2 + 25 - 3*i**2 + i. Calculate w(-3).
-19
Let b(r) = -r + r - 1 - r. Suppose -5 - 61 = -11*k. Give b(k).
-7
Let k(o) be the first derivative of 1/4*o**4 - 21 - 5/3*o**3 - 4*o + 5/2*o**2. Calculate k(4).
0
Suppose 0 = -2*w + w + 2. Let o be w*(-1)/(-2)*2. Let j(k) be the first derivative of -k**3 + 2*k**2 - 2*k - 1. Give j(o).
-6
Let p(f) = 111*f - 53*f - 5*f**2 - 4*f**3 - 56*f + f**2 + 5*f**2 + 1. Let v = 1 + -2. What is p(v)?
4
Suppose 3*k + 10 - 23 = 2*h, 4*h + 16 = 4*k. Let z(b) = -2*b - 2. Determine z(h).
-4
Let n(z) = 92*z**2 - 4 - 182*z**2 - 4 - 2*z + 89*z**2. What is n(-6)?
-32
Let s(a) = -4*a - 4*a - 2 + 7*a. Let k(i) = -5*i + 4. Let t(f) = -14*f + 13. Let g(n) = -7*k(n) + 2*t(n). Let r be g(1). What is s(r)?
-7
Let c be (-1)/(-3) - 159/(-9). Let d = 19 - c. Let p(t) = -4*t**2 + 1. Calculate p(d).
-3
Let i(h) be the second derivative of h**3/6 - 3*h**2 + h. Let c be i(14). Let b = c + -5. Let r(y) = 2*y**2 - 5*y + 2. Determine r(b).
5
Let g(y) = -3*y**2 + 4*y + 3. Let o(x) = 3 + x**2 + 0*x**2 - 4 - x. Suppose 4*a = 5*h - 24, 2*h = -h - a + 11. Let c(z) = h*g(z) + 11*o(z). Calculate c(6).
-5
Let t be 174/((-2 - -7) + -3). Let k(x) = -88 - 2*x + 3*x + t. Give k(-3).
-4
Let n(b) = b**3 - b + 13. Let w(d) = -4*d + 30. Let s be w(8). Let z be ((-20)/(-8) + s)*(-5 - -5). Give n(z).
13
Let i(l) = l**3 - 21*l**2 - 15*l - 150. Let t be i(22). Let p(g) = g**2 - 5*g. What is p(t)?
-4
Suppose -6*l + 12 = -10*l, -5*l - 7 = -f. Let x(c) = -3*c - 10. What is x(f)?
14
Let b = 31 + -14. Let h(l) = -7*l - 9*l + 1 + b*l - 8*l**3. What is h(-1)?
8
Suppose 2*k = -2*k - x + 17, 3*k + 1 = 2*x. Suppose 0*c + 3*l - 30 = -4*c, -5*c + 22 = -4*l. Let t(z) = -8 - 6*z**2 + 5*z**2 + z + c. Give t(k).
-8
Let d(h) = -h**3 + h**2 + h + 6. Let f(z) = z**3 - 19*z**2 + z - 7. Let r be f(19). Let o be -1*(15 - r - (-3)/(-1)). Calculate d(o).
6
Let u = 33 - 30. Let b(n) be the first derivative of -3*n**2 - 6 - 1/3*n**3 - u*n. Give b(-3).
6
Suppose n = -3*n. Suppose n = x - 6 + 3. Suppose 4 = -x*u + 22. Let l(d) = d + 1. Determine l(u).
7
Suppose 4*v - 211 = -187. Let d(j) = j**2 - 3*j - 6. What is d(v)?
12
Let g(h) = 27*h + 1654. Let i be g(-61). Let d(k) = -k**3 + 6*k**2 - 4*k - 5. Let v be d(5). Let f(p) = 4 + 3 + p**3 + v - 6*p**2 - 7*p. Give f(i).
7
Let k(j) = -7*j**3 - 10*j**2 + 4*j - 5. Let r(l) = 13*l**3 + 19*l**2 - 7*l + 10. Let y(h) = -11*k(h) - 6*r(h). Suppose 152 - 96 = -14*s. Determine y(s).
3
Let x be (-29)/2 - 6/(-12). Let h = x - -10. Let k(o) = 19*o**2 + 15*o + 3. Let j(d) = 7*d**2 + 5*d + 1. Let m(r) = -8*j(r) + 3*k(r). Determine m(h).
-3
Let d(h) = 7*h**2 + 7*h - 16. Let q(y) = -15*y**2 - 15*y + 34. Let u(g) = -13*d(g) - 6*q(g). What is u(6)?
-38
Let z(p) = 5 - 4*p - 3*p - 15 + 5*p. Let r = -27 - -19. Give z(r).
6
Let j(m) be the first derivative of m**4/4 - m**3 - 2*m**2 + 3*m + 1. Suppose -7*h + 3*h + 3*v = 0, -h = -v. Suppose h = q + 2*q - 12. Determine j(q).
3
Let i(u) = -2*u**3 + 13*u**2 - 10*u - 21. Let v(n) = -3*n**3 + 14*n**2 - 9*n - 20. Let j(h) = 4*i(h) - 3*v(h). Give j(-11).
-2
Let j(i) = 2 - 43*i**2 + i + 0 + 39*i**2 + 0*i. Determine j(3).
-31
Let u = -3 + 8. Suppose u*k + 12 = k. Let l(a) be the second derivative of -a**4/12 - a**3/6 + a**2/2 - 14*a. Calculate l(k).
-5
Let h(d) = -1 + 163*d + 0 - 162*d. Calculate h(-4).
-5
Let q(u) = 21*u - 35. Let p(x) = 4*x - 7. Let k(s) = -11*p(s) + 2*q(s). Determine k(8).
-9
Let f(c) be the third derivative of -c**6/60 + 37*c**5/60 - 3*c**4/4 + 2*c**3/3 + 38*c**2. Let t be f(18). Let m(x) = -2*x - 1. Determine m(t).
-9
Let a be 10/3 - (-38)/57. Suppose -y + 4*y - 13 = 4*v, -a*y - v = -30. Let f(x) = -x**3 + 6*x**2 + 8*x - 9. What is f(y)?
-2
Let t(y) = -11*y + 1. Suppose -4*l + 7 + 9 = 0, -2*i - 8 = -3*l. Calculate t(i).
-21
Let k(s) = -3*s**2 - s**2 + 11 + 8*s - 3*s**2 + 6*s**2 + 6*s. Give k(14).
11
Suppose -2*q = -2*r -